 base 5, what is -1003442 - 2413?
-1011410
In base 8, what is 37535221 - -11?
37535232
In base 4, what is 300303 + 133210?
1100113
In base 4, what is -10013232213 + -32102?
-10013330321
In base 16, what is 5 + f4f48?
f4f4d
In base 9, what is 352 - -8318?
8671
In base 5, what is -310302213 - -2?
-310302211
In base 9, what is -5078181 + 1?
-5078180
In base 11, what is 182a + -9a711?
-98992
In base 11, what is -79 + -767a6a?
-768038
In base 5, what is -3122210 - 33141?
-3210401
In base 3, what is -111201102 - -2120?
-111121212
In base 7, what is -64556664 - -3?
-64556661
In base 6, what is 511152 - -3542?
515134
In base 8, what is 5613 - -161255?
167070
In base 12, what is -1397 - 2429?
-3804
In base 13, what is -2 + 23a89b33?
23a89b31
In base 12, what is 8 + 43867?
43873
In base 14, what is -107b0 + 125?
-10689
In base 14, what is c + 40863?
40871
In base 6, what is -122525502 - -45?
-122525413
In base 9, what is -27 - -108630331?
108630303
In base 5, what is -23423224 - 132?
-23423411
In base 4, what is 210230101 - -1003?
210231110
In base 4, what is 20211022013331 + -1?
20211022013330
In base 14, what is -a - d2c225?
-d2c231
In base 2, what is 10101111000111110000101 + 0?
10101111000111110000101
In base 15, what is -6ceddc - 5?
-6cede2
In base 3, what is -12100022 - -2011001102?
1221201010
In base 7, what is -21553026 + 343?
-21552353
In base 5, what is 104233 + 11431022?
12040310
In base 3, what is 2 + -1002021210122?
-1002021210120
In base 3, what is -22 - -10110211112002112?
10110211112002020
In base 6, what is -11525435423 - 2?
-11525435425
In base 6, what is -3 - 1014400421?
-1014400424
In base 14, what is 4145 - -16a?
42b1
In base 6, what is -22044124425 + 2?
-22044124423
In base 10, what is -161 - 4970?
-5131
In base 14, what is 1c - -1407bc2?
1407c00
In base 13, what is -368 + 15b95?
1582a
In base 8, what is -303 + 2261412?
2261107
In base 9, what is 137476541 - 3?
137476537
In base 15, what is -4 + -7d327?
-7d32b
In base 16, what is 597653a + -4?
5976536
In base 2, what is 10011100101110000011110 - 1001?
10011100101110000010101
In base 6, what is 11 - -1301122240?
1301122251
In base 8, what is -655360 - 27?
-655407
In base 14, what is -15 + -1cb3b8?
-1cb3cd
In base 4, what is -3 + -31232011033302?
-31232011033311
In base 5, what is -122300120 - 10310?
-122310430
In base 2, what is -10011 + 1100001100111000000101?
1100001100110111110010
In base 2, what is -100001110010 - -11001111000?
-111111010
In base 16, what is 74 + -14965?
-148f1
In base 2, what is -1100110001110001011101 - -10?
-1100110001110001011011
In base 14, what is -18b1196 - -1?
-18b1195
In base 14, what is b6c09a - 0?
b6c09a
In base 2, what is -11001 + -1011110100110110000100001?
-1011110100110110000111010
In base 12, what is b8b7a + -14?
b8b66
In base 8, what is 45 + 3360503?
3360550
In base 2, what is 11 + -110111101001111010011?
-110111101001111010000
In base 16, what is a21e78 - 6?
a21e72
In base 5, what is -30 + -132232300?
-132232330
In base 12, what is -3 - -6a1740a6?
6a1740a3
In base 11, what is -33 - 10001a59?
-10001a91
In base 15, what is 3 + 6c10d1a?
6c10d1d
In base 13, what is -641093 - 5?
-641098
In base 9, what is 85410 - 18?
85381
In base 16, what is -151af0ea - 1?
-151af0eb
In base 11, what is -450702 + -13?
-450715
In base 4, what is -1102013300013 + 13?
-1102013300000
In base 12, what is -76 - 103675?
-10372b
In base 13, what is 1a75c68 - 0?
1a75c68
In base 10, what is -3005 + -20827?
-23832
In base 9, what is 17687 - -1021?
18718
In base 4, what is 231000323 - 1121103?
223213220
In base 2, what is 10101000 + 101000010001?
101010111001
In base 9, what is 7570405 + 3?
7570408
In base 4, what is -121202 + 1031313?
310111
In base 12, what is 16 + 3150a1b?
3150a35
In base 9, what is -12 - 4023103?
-4023115
In base 8, what is -1321 - 70732?
-72253
In base 11, what is -34 + -20a8777?
-20a8800
In base 11, what is 38753 - a39?
37815
In base 4, what is 11000 + 1212102120?
1212113120
In base 13, what is 2 + 1c09018a?
1c09018c
In base 6, what is 0 + 4524513330?
4524513330
In base 6, what is -1 - 122121012?
-122121013
In base 6, what is -21410524230 - 5?
-21410524235
In base 11, what is 28124 + 396?
2850a
In base 5, what is -43332323420 + 2?
-43332323413
In base 5, what is 244024313 + -1?
244024312
In base 3, what is 11122 + -2120222001212?
-2120221220020
In base 2, what is -10011111111011 - -10101011111000?
1011111101
In base 8, what is -314767516 + 7?
-314767507
In base 16, what is 53f5f80 - -1?
53f5f81
In base 16, what is 347 - -9914?
9c5b
In base 13, what is -2 + 140cc737?
140cc735
In base 7, what is 120443161 - -2?
120443163
In base 10, what is -3 + -20851430?
-20851433
In base 9, what is 4 + -6511?
-6506
In base 15, what is 167 - 4ea72?
-4e90a
In base 4, what is 123 + -11030210332?
-11030210203
In base 6, what is -21 + -312422101?
-312422122
In base 12, what is 24a82 - 15?
24a69
In base 11, what is 1509 - -1a649?
21057
In base 16, what is -2e0959b + 8?
-2e09593
In base 9, what is -10551 - 101185?
-111746
In base 2, what is 110 - 110001111111111110101?
-110001111111111101111
In base 9, what is 3155842 - 5?
3155836
In base 12, what is 18591 + -14b?
18442
In base 5, what is 10314413211 - 0?
10314413211
In base 14, what is -c7867 + -63?
-c78ca
In base 3, what is 2 - 120221022110?
-120221022101
In base 4, what is 323202332 + -113?
323202213
In base 9, what is 106121 + -801?
105220
In base 12, what is -84999 + 116a?
-8382b
In base 8, what is 4 + -730317771?
-730317765
In base 5, what is 222 - -1044442?
1100214
In base 10, what is -742052 + 381?
-741671
In base 4, what is 10230100 + -102111?
10121323
In base 7, what is 10 + 35404453?
35404463
In base 6, what is -544350 - 3425?
-552215
In base 15, what is -60c - -5790?
5183
In base 9, what is -2115634 - 15?
-2115650
In base 9, what is -506 - -1304461?
1303854
In base 14, what is 320b + 1555?
4762
In base 12, what is a8323 - -490?
a87b3
In base 16, what is -890 + 7389?
6af9
In base 10, what is 1 + -24674452?
-24674451
In base 10, what is 0 - 20143254?
-20143254
In base 4, what is 22110301300 + 1?
22110301301
In base 5, what is 40 - -11024414?
11030004
In base 16, what is 1 - -844b4c1?
844b4c2
In base 3, what is -10 + -121012100012120?
-121012100012200
In base 14, what is 6a7ca - 4?
6a7c6
In base 12, what is -3 - -24b1431?
24b142a
In base 16, what is -346b - -3b5?
-30b6
In base 12, what is -497152b2 + 1?
-497152b1
In base 8, what is 4 - 5260661?
-5260655
In base 7, what is -3410 - 1161210?
-1164620
In base 7, what is 4544265042 + 1?
4544265043
In base 5, what is 2142 - -211032031?
211034223
In base 7, what is -2116 - 3654352?
-3656501
In base 10, what is 22402546 + 9?
22402555
In base 10, what is -1731701071 - 2?
-1731701073
In base 13, what is 24ba + 1152?
363c
In base 9, what is -135576 + -741?
-136427
In base 16, what is -3837 + 239?
-35fe
In base 9, what is -522338402 + 1?
-522338401
In base 13, what is 5 + 84c9aab?
84c9ab3
In base 5, what is -2044 - 1203104?
-1210203
In base 6, what is 2 - -441220412?
441220414
In base 7, what is -10563034 - -53?
-10562651
In base 2, what is 111 + 11001000111100001111110101?
11001000111100001111111100
In base 2, what is 1110 + -11010000011110101001001011?
-11010000011110101000111101
In base 10, what is 5 - -85460684?
85460689
In base 2, what is -1101000100 - -1001011001110?
111110001010
In base 8, what is -274 + -612300?
-612574
In base 6, what is 1425545213 + 5?
1425545222
In base 16, what is -9f + c042?
bfa3
In base 6, what is 2021203 - 13505?
2003254
In base 11, what is -14a6a - 558?
-15517
In base 16, what is -a8cc43 - -3?
-a8cc40
In base 6, what is 0 - -3535225532?
3535225532
In base 6, what is -3511032413 - 4?
-3511032421
In base 7, what is 3265 - -6441?
13036
In base 6, what is -35004 + 34413?
-151
In base 10, what is 4217473 - 0?
4217473
In base 11, what is 12479 + 33a?
12808
In base 3, what is 102 - -100222101201?
100222102010
In base 9, what is 55783581 - -3?
55783584
In base 12, what is -881a7 - 19b2?
-89b99
In base 4, what is -102102 + -1321130?
-2023232
In base 8, what is -15 + 1077036?
1077021
In base 7, what is -464352115 - -3?
-464352112
In base 6, what is -1101233 + 125103?
-532130
In base 10, what is -3607020 + -401?
-3607421
In base 16, what is 27d05 - 68?
2